et n(w) = w**3 + 0 - w**2 + b - 2*w**3. Determine n(0).
1
Suppose 0 = 5*g + 2 + 3. Let t(r) = 15*r - 1. What is t(g)?
-16
Let w(h) = h - 1. Suppose -5*s - 6 = -y, 3*y + 14 = -y + s. Give w(y).
-5
Let m(h) = h + 3. Let j be m(-5). Let o(c) = -c**2 + 2*c - 2. Let f(i) = -i**2. Let v(w) = 2*f(w) - o(w). Give v(j).
2
Let v(q) be the third derivative of q**6/120 + 3*q**5/20 - q**3 + 23*q**2. Calculate v(-9).
-6
Let m(r) be the first derivative of r**7/840 + r**6/90 - r**5/24 + r**4/6 - r**3/3 + 4. Let a(w) be the third derivative of m(w). Calculate a(-5).
4
Let c(o) = 1. Let h(x) = -16*x. Let r(y) = 3*y. Let j(w) = -2*h(w) - 11*r(w). Let l(n) = -3*c(n) + j(n). Give l(-4).
1
Let t(d) = -d**2 - 1. Let w(i) = 15*i**2 - 29*i - 11. Let p(l) = 5*t(l) - w(l). Let v(g) = 7*g**2 - 10*g - 2. Let k(j) = 6*p(j) + 17*v(j). Determine k(5).
-3
Let o(j) be the second derivative of j**6/360 - j**5/24 + j**4/24 + j**3/3 - 3*j. Let a(u) be the second derivative of o(u). Calculate a(4).
-3
Let t(n) = -n**2 + 1. Let b(w) = w**3 + 8*w**2 + 3*w. Let r(h) = b(h) + 5*t(h). What is r(-4)?
-23
Let g(u) = -u**3 - 3*u**2 + 6*u + 3. Let a = -36 - -32. Determine g(a).
-5
Let a = 47 - 50. Let b(c) = c - 1. Calculate b(a).
-4
Let p = 11 - 9. Let o be (12/16)/(p/(-8)). Let m(s) = -s**2. Give m(o).
-9
Let b(n) be the third derivative of 7*n**4/24 + n**3/6 - 11*n**2 + 3. Suppose 0 = -3*h - 6 + 3. What is b(h)?
-6
Let f(y) = 54*y + 3. Let g be f(-2). Let v be 2/(-13) + g/(-91). Let t(x) be the first derivative of -x**4 + x**3/3 + 1. Give t(v).
-3
Let z(x) = 4*x**2 - 10*x + 14. Let j(l) = 7*l**2 - 20*l + 27. Let k(t) = -3*j(t) + 5*z(t). What is k(9)?
-2
Let x(r) = r - 6. Let t be x(5). Let l be (t - (-2)/(-2)) + 4. Let c be (16/6)/(l/3). Let z(q) = -q**2 + 3*q + 4. What is z(c)?
0
Let a(i) be the third derivative of -i**4/24 - i**3/2 + 2*i**2. Suppose 3*o = -5*h - 15, 0 = 2*h + 3*o - 0*o - 3. What is a(h)?
3
Let r(k) = k**2 - 5*k + 1. Suppose 3*t - 90 = -2*t. Suppose 0 = -2*z - z + t. What is r(z)?
7
Suppose 9*u = 13*u + 16. Let s(f) = -4*f - 6. Give s(u).
10
Let y = 16 - 28. Let f be 0 + (y/(-4))/(-1). Let a(r) = r**2 + 5*r + 3. What is a(f)?
-3
Let d(n) = n**3 - 5*n**2 + 2*n + 2. Suppose 0 = 2*l - 6 - 0. Suppose l*h + 0 = 6. Calculate d(h).
-6
Let k(r) = r**3 - 4*r**2 - 30*r - 14. Let f be k(8). Let o(s) = 2*s**2 - 2*s + 3. What is o(f)?
7
Let k(b) = -b**3 - 3*b**2 - 3*b - 2. Let f be k(-3). Let d(h) = 10*h + 2 - f - 9*h. Calculate d(6).
1
Let a(x) be the third derivative of -x**4/8 - x**3/2 + 3*x**2. Suppose 0 = f + 6 - 2. Determine a(f).
9
Let x(b) = b**3 - 8*b**2 - 8*b - 10. Let m be x(9). Let p(g) = 10*g**2. Calculate p(m).
10
Suppose 5 = -i, 2*z + 24 = -4*i - 0*i. Let b(l) = -3*l + 2. Determine b(z).
8
Let t(v) = v + 17. Let l be t(-8). Let n be l/6*(-4)/2. Let j(f) = f + 1. Calculate j(n).
-2
Let n be (-1)/4*(-4)/1. Let a(d) be the second derivative of -7*d**3/6 + d**2/2 - 2*d. Determine a(n).
-6
Let w(r) be the first derivative of r**2 - 11*r - 8. Determine w(8).
5
Let q(r) = -4*r**3 - 2*r - 6. Let c(f) = -9*f**3 - f**2 - 4*f - 13. Let h(x) = -3*c(x) + 7*q(x). Determine h(3).
-9
Let x(k) = 4 - 3*k + 3 - 3. Suppose -2*r + f = -3*r - 1, 0 = -f - 1. Suppose 2*h + d = 15, r = 5*h - 4*d - 4 - 1. What is x(h)?
-11
Let r(g) = -g**3 - 3*g**2 - 2*g - 2. Let f(o) = -o**2 + 2*o - 3. Suppose -5*q = -2*q - 6. Let u be f(q). Determine r(u).
4
Let x(h) = -h + 1. Let q be (4/(-12))/((-1)/6). Calculate x(q).
-1
Let z = -6 - -11. Let c(u) be the third derivative of -u**6/120 + u**5/10 - 5*u**4/24 + 2*u**3/3 - 4*u**2. Determine c(z).
4
Let z(m) = m**2 + 5. Let i = 52 + -52. Give z(i).
5
Suppose -4*m + 7 = -5. Let s(j) = 0*j**3 + 3*j**2 - 4*j**3 + j + 3*j**3 + 1. Give s(m).
4
Let d(h) = -h + 6. Let n(l) = -5*l + 35. Let t(z) = z - 2*z + 6 + 0*z. Let p(a) = -6*n(a) + 35*t(a). Let g be p(-1). Calculate d(g).
1
Let f(m) = 12*m + 7 + 2*m - 17*m. Determine f(6).
-11
Let i(h) = -3*h**2 + 11*h + 5. Let c(v) = v**2 - 5*v - 2. Let a(q) = -5*c(q) - 2*i(q). Give a(-3).
0
Let v(o) = o. Let n(z) = z**3 - 8*z**2 + z - 6. Let x be n(8). Suppose -x*d = 2 + 6. Determine v(d).
-4
Let v = 4 - 12. Let c = v + 2. Let w(n) = -n - 13. Calculate w(c).
-7
Let t(o) = -13*o**2 + 0*o + 7*o + 9 + 4*o. Let z(m) = -3*m**2 + 3*m + 2. Let j(r) = -2*t(r) + 9*z(r). Give j(5).
0
Let t(k) be the first derivative of k**5/24 + k**3/6 - k + 1. Let l(b) be the first derivative of t(b). Let s(j) be the second derivative of l(j). Give s(-1).
-5
Let v(i) = -2*i - 7. Let l be v(-3). Let g(z) = -6*z**2 - z - 1. Give g(l).
-6
Let g(l) = -l**3 - l + 1. Let q(i) = i**2 - 2*i + 1. Let u(s) = -2*g(s) + q(s). Determine u(-1).
-2
Let p(a) be the third derivative of 0*a + 1/24*a**4 + 0 - 1/6*a**3 + 1/20*a**5 + a**2 + 1/120*a**6. Suppose -4*t - 9 = -r, -4*t - 4 = 6*r - 2*r. What is p(t)?
1
Let c(o) = -o**2 + 11*o. Let q be c(11). Let w(v) be the second derivative of -1/20*v**5 + 0 + v - 5/2*v**2 + 1/12*v**4 - 1/6*v**3. Calculate w(q).
-5
Let c be 6 + -11 - 1*2. Let j(y) = 5*y. Let h(m) = -2*m. Let x(g) = c*h(g) - 3*j(g). Calculate x(-5).
5
Let y(j) = -4*j + 5*j + 1 + 2. What is y(6)?
9
Suppose -3*s - h = 2 + 5, -12 = -2*s - 4*h. Suppose 3*m - 24 = -3. Let k = s + m. Let w(q) = q**2 - 4. Calculate w(k).
5
Suppose 2*c - 18 = 5*c. Suppose 0 = -3*x + 2 + 7. Let f(s) = -7 + 2*s + 2 - x*s. Calculate f(c).
1
Let q(w) = w**2 + 3*w - 5. Suppose -48 = -0*l + 8*l. Give q(l).
13
Let u(j) = -221*j + 51. Let i(t) = 22*t - 5. Let s(d) = -51*i(d) - 5*u(d). Calculate s(-1).
17
Let t(i) = -13*i**2. Suppose 3*p = 3*f + 3, 0*f - 1 = -p - f. Calculate t(p).
-13
Let o(z) = z**3 + 12*z**2 + z + 14. Let g be o(-12). Let l(u) = 11*u - 3. What is l(g)?
19
Let z(k) = 4*k**2 - 2*k + 1. Let o(n) = -n**2 - 3*n - 1. Let d be o(-2). What is z(d)?
3
Let u(q) = -q - q**2 - 7*q + 2*q**2. Calculate u(7).
-7
Suppose 5*c = c. Let n(h) = 2*h + h - h**2 + c*h - 2. What is n(3)?
-2
Suppose 0 = 4*i + 4*s + 28, 0 = -4*i - 2*s - 21 - 7. Let p(h) = -h**3 - 8*h**2 - 6*h + 10. Calculate p(i).
3
Let p(s) = -7*s**3 + 2*s**2 + 2*s - 1. Let b(u) = u**3 - u**2 - u. Let l(t) = -3*b(t) - p(t). Give l(-1).
-3
Let d(r) = -r**2 + 2*r - 3 - 2*r - 6*r. Give d(-6).
-3
Let a be (-5 + 7)/(1 + 1). Let g(k) = 12*k - 1. Determine g(a).
11
Let d(r) be the second derivative of -r**5/10 - r**4/12 + r**3/6 + 2*r. Let u = -39 + 40. Give d(u).
-2
Let h = 19 + -12. Let x(m) = 3 - m - 3*m - 2*m + h*m. Determine x(-3).
0
Let s(u) = u**3 + 4*u**2 + 2*u - 1. Suppose 3*p = 4*v + v + 20, -28 = -3*p + v. Let l(b) = b - 2. Let g be l(2). Suppose 5*t + g = -p. Give s(t).
3
Let g(r) = r + 0 + 1 + 0*r + 0. Let x be g(1). Suppose f = -x*f + 15. Let n(o) = o**2 - 3*o - 6. Give n(f).
4
Let n(q) = q**2 + q + 6. Let s = 11 - 16. Let p(y) = -y**3 - 4*y**2 + 4*y - 5. Let g be p(s). Give n(g).
6
Let k(t) be the second derivative of t + t**2 + 5/12*t**4 + 0*t**3 + 0 + 1/20*t**5. Let l(m) = -m**3 - 5*m**2 - 3*m + 4. Let o be l(-3). Calculate k(o).
2
Let l(d) = -2*d**2 + d + 19. Let i(n) = n**2 - 10. Let t(s) = -11*i(s) - 6*l(s). What is t(6)?
-4
Let h(x) be the second derivative of -x**3/2 + 3*x**2 - x. Let d be ((-6)/(2 - 1))/1. Let l be (0 - d)*4/6. Calculate h(l).
-6
Let j(q) be the third derivative of -q**8/20160 + q**7/1008 + 7*q**6/720 + q**5/60 + q**2. Let u(a) be the third derivative of j(a). Calculate u(6).
1
Let h be (26 - 31) + 2/(-2). Let z(a) = -a**3 - 6*a**2 - 6. Calculate z(h).
-6
Let m(q) = -3*q**3 + 6*q**2 - q + 9. Let x(r) = 5*r**3 - 9*r**2 + 2*r - 14. Suppose 2*p - 12 = 4. Let l(z) = p*m(z) + 5*x(z). Give l(-2).
2
Suppose -3*n + 2 = -22. Let s = 6 - n. Let y(o) = 2*o + 3. Determine y(s).
-1
Let i(p) be the second derivative of -p**4/6 + 7*p**3/6 - 5*p**2/2 + 3*p. Give i(4).
-9
Let p(w) = 2 - 3*w**2 + 23*w**3 - 5*w - 1 - 43*w**3 + 21*w**3. Suppose 3*h = 4*v + 12, 2*h + 2*h - 4*v = 16. Determine p(h).
-3
Let n(u) = -3*u**3 + 2*u**2 + 10*u + 1. Let m(a) = -7*a**3 + 3*a**2 + 21*a + 2. Let k(l) = -4*m(l) + 9*n(l). Determine k(-4).
9
Let v(q) be the first derivative of q**4/6 - q**3/6 - q**2/2 + 3*q + 3. Let c(y) be the first derivative of v(y). Let k = -2 + 4. Determine c(k).
5
Let h(c) = -15*c - 1. Let j = -1 - 10. Let x = 10 + j. Determine h(x).
14
Let n(o) be the first derivative of 1/2*o**2 - 1/20*o**5 + o - 2 - 5/12*o